7 = -4*d + w*a - 79. Let b = d - -69. What is the tens digit of b?
4
Let w(a) = 3*a**3 - a**2 + 2*a - 1. Let n be w(1). Suppose 347 = n*y - 67. What is the hundreds digit of y?
1
Suppose 0 = f + 2*f - 9. Let a(w) = 9*w - 1. Let u(x) = 9*x - 1. Let z(h) = f*a(h) - 4*u(h). What is the tens digit of z(-6)?
5
Let h be (6/(-3) - -3) + -3. Let o be 9/(h + -1) + 0. What is the units digit of (-3)/(o/7) + 2?
9
What is the units digit of (-5 + 1132 - 6)/(-5 - -6)?
1
What is the tens digit of (-5)/(-1)*2/50*1535?
0
Let n(d) = d**3 - 13*d**2 + 19*d - 36. What is the tens digit of n(12)?
4
Suppose -222 = 16*t - 5614. What is the tens digit of t?
3
Let b = 921 - 621. What is the tens digit of b?
0
Suppose -2*m - 5 = 5. Let l(v) = 7*v**2 + 3*v + 1. Let y(b) = b**2 + 1. Let r(u) = l(u) - 6*y(u). What is the units digit of r(m)?
5
Let o(z) = 2*z**3 + 4*z - 6*z**2 + 4*z**3 + 6 - 3*z**3 - 4*z**3. What is the units digit of o(-7)?
7
Let j = -8 + 8. Suppose 2*g - 2*q - q + 5 = j, 0 = -4*g + 4*q - 4. Suppose 2*o - 4*m = 10, 0 = g*o - 3*o - 5*m + 40. What is the units digit of o?
5
Let x be 3/6 - (-573)/6. Suppose -3*r = -x + 30. Suppose -r*t = -27*t + 380. What is the tens digit of t?
7
Suppose 3*g = 2*s - 22, -5*s = -0*s - 2*g - 44. Suppose 3*d = s*d - 1015. What is the hundreds digit of d?
2
Suppose -7874 = 20*s - 29294. What is the hundreds digit of s?
0
Suppose -c - 2*c = -60. Suppose 0 = 3*r - m - 1 - 7, -c = -5*r + 5*m. What is the units digit of r?
2
Suppose 0*w + 1722 = 14*w. Suppose -3*v = -4*z - 161, 4*v - 4*z - 93 - w = 0. What is the tens digit of v?
5
Let u = 257 - 233. What is the units digit of u?
4
What is the hundreds digit of ((-7370)/(-165))/(1/9)?
4
Let p = -82 + 79. What is the hundreds digit of ((-405)/(-6) + 4)/(p/(-6))?
1
Suppose -31 - 1 = -5*u - 3*k, 5*u = -2*k + 28. Let q be 3/(-1 - -2) + 2. Suppose 31 = q*d + 4*l - 84, 46 = 2*d - u*l. What is the units digit of d?
3
Let m(i) = 202*i**3 - 6*i**2 + 9*i + 6. What is the hundreds digit of m(3)?
4
Let a be (-12 + 2)/((-1)/26). Let u be a/50 - (-2)/(-10). Suppose u*w = 8*w - 42. What is the tens digit of w?
1
Suppose -49 = -f - 4*f - 2*v, -5*v - 37 = -2*f. Let k(z) = 13*z + 39. What is the hundreds digit of k(f)?
1
Let z(i) = -i**3 + 8*i**2 - 5*i - 15. Let g be z(7). What is the tens digit of 249/9 + g/(-3)?
2
Let y(l) = 7*l - 4*l - 7 - 2*l - 2. Let t(s) = s - 1. Let a(c) = -3*t(c) + y(c). What is the tens digit of a(-8)?
1
Let j(a) = -a**3 + 2*a**2 + 6*a - 6. Let c be j(3). Suppose -5*q = -b + 49, 0 = -c*b - 2*q + q + 83. What is the units digit of b?
9
Suppose 2*j + 12 = 4. What is the units digit of ((13 - j)*-4)/(-2)?
4
Let d(i) = i - 19. Let v be d(23). Suppose -5*l + v*l + 13 = 0. What is the units digit of l?
3
Suppose -20 = 7*n - 5*n. Let z be (-15)/n*(1 + 1). Suppose 0 = -l - 2*y - 2*y + 2, -3*y - 6 = -z*l. What is the units digit of l?
2
Let i be 9*(-2)/(-12)*292. Suppose i = -10*w + 12*w. What is the hundreds digit of w?
2
Suppose -7 = 3*x - h + 2, -5*x - 5*h = 15. What is the units digit of (-62)/(-6) + x/9?
0
Let r = -1890 - -2781. What is the units digit of r?
1
Let a(g) = g**2 - 19*g + 5. Let k be a(19). What is the units digit of 228/k - (-6)/(-10)?
5
Let h(n) = -21*n + 3. Let v be h(-2). Suppose g - v = 2*b, 225 = 3*g + 2*g + 5*b. Suppose -x + g = 2*x. What is the units digit of x?
5
Let m(s) = -4*s**2 + 4*s**2 + 0*s**2 + s**2 + 39 - 8*s. What is the tens digit of m(14)?
2
What is the tens digit of ((-57)/(-76))/(1/(-4)) + 1196?
9
Suppose -6*s + 4*s - 5*x = -170, 2*s = 2*x + 156. What is the tens digit of s?
8
What is the units digit of 1/2*8 - (-880)/10?
2
What is the units digit of 65988/(-135)*5/(-2)?
2
Let w(t) = 4*t**3 + t**2 + 2*t + 1. Let j be w(-1). Let a = -11 + j. Let u = 1 - a. What is the tens digit of u?
1
Suppose h + 25 = 6*h. Suppose -h*d + 1051 = -99. What is the tens digit of d?
3
Let b be ((-8)/5)/((-4)/560). Suppose -8*n + 6*n + b = 0. What is the units digit of n?
2
Let v(m) = m**3 + 32*m**2 + 18*m + 17. What is the tens digit of v(-31)?
2
Let l(c) = 3*c - 13. Let o be l(7). Let q(j) = 2*j + 9. What is the tens digit of q(o)?
2
Suppose 7*n = -2*q + 4*n + 1903, 0 = -3*q - 3*n + 2856. What is the hundreds digit of q?
9
Let g = 3094 - 1601. What is the hundreds digit of g?
4
Suppose 18 = -4*g + 482. Let z = g + 124. Suppose -75 + z = 5*b. What is the tens digit of b?
3
Let x be 4*(-2)/12*3. Let z(r) = -59*r + 2. Let j be z(x). Suppose -4*g + j = g. What is the tens digit of g?
2
Suppose 1596 = 4*v - 0*v + 2*q, -3*q - 782 = -2*v. What is the tens digit of v?
9
Let p be (26/(-8))/((-3)/(-12)). Let y be (3 - 5) + p + 1. Let k = 36 + y. What is the tens digit of k?
2
Let l = -144 - -99. What is the units digit of -15*(36/l - 4/(-30))?
0
Let v be 16 + (-2)/(-1 - 1). Let d = v + -13. Suppose -d*h + 5 = h. What is the units digit of h?
1
Let v(b) = -3*b - 8. Let x be v(-15). Let j = 2 + x. What is the units digit of j?
9
Let i(y) = 14*y**3 - 4*y**2 + 4*y - 3. Let d be i(2). Let b = -56 + d. What is the tens digit of b?
4
Let q = 6 + 3. Suppose q = 4*y + l, 3*y + 5*l - 4*l - 7 = 0. What is the units digit of (-1)/(y - 4)*82?
1
Suppose -8 = -2*v, y + 2 - 16 = -4*v. Let l be (y/1)/6*0. Suppose 0*j + j + 5*o + 1 = l, -5*o - 13 = -2*j. What is the units digit of j?
4
What is the tens digit of 5469/6 + 9/18?
1
Suppose -3*m - 10 = -46. Let w = m + 6. Suppose w = -3*a + 96. What is the units digit of a?
6
Let v(p) = 2*p - 22. Let w be v(-10). Let f be (48/(-8))/(6/112). Let s = w - f. What is the tens digit of s?
7
Let r(y) be the first derivative of -y**4/4 - 13*y**3/3 + 37*y**2/2 + 16*y - 47. What is the units digit of r(-16)?
2
What is the units digit of ((-9)/5)/(12/(-20))*375?
5
Suppose 0 = 2*l + 4*g - 15 - 5, -2*l - 3*g = -15. Suppose l = 6*x - 7*x + 132. What is the units digit of x?
2
Suppose 2*c - 10 = -3*c. Suppose 5*h + c = 4*h, u = -3*h + 5. Let y(r) = -r**3 + 11*r**2 + 3*r + 9. What is the tens digit of y(u)?
4
Let v(n) = n**3 - 5*n**2 - 5*n - 6. Let s be v(6). What is the tens digit of s - -2 - (-135 + -3)?
4
Let l(f) = -11*f - 35. Let m(j) = j**2 + 9*j + 1. Let h be m(-6). What is the units digit of l(h)?
2
Let b(k) = 5*k - 15. Let g(u) = 15*u**2 - 5*u + 24. Let q(l) = -7*l**2 + 3*l - 12. Let r(x) = -6*g(x) - 13*q(x). Let m be r(9). What is the units digit of b(m)?
5
Suppose -204 - 186 = -10*s. Let x = s - -107. What is the tens digit of x?
4
Let m(o) = -o - 21. Let r be (-3 + 43)/(-4) - 3. Let f be m(r). Let i(z) = -z**3 - 8*z**2 - 6*z - 18. What is the tens digit of i(f)?
3
Let l = 5625 + -4012. What is the thousands digit of l?
1
Let k be 1/6 + 1359/(-54). Let n = -17 - k. What is the tens digit of ((-204)/(-9))/(n/12)?
3
Let q(a) = 43*a**2 + 2*a + 3. Let v = -19 - -18. What is the units digit of q(v)?
4
Suppose -w + 155 = 4*w. Let i = 17 - w. Let q = -8 - i. What is the units digit of q?
6
Let y be 4 - (0 + (-2 - -1)). Suppose -y*u = -4*q + 210 + 140, 2*q = 5*u + 170. What is the tens digit of (-2)/(176/q + -2)?
4
Suppose -84298 - 20905 = -49*n. What is the units digit of n?
7
Let o(t) = 3*t**2 + t - 4. What is the hundreds digit of o(10)?
3
Let v be ((-48)/4 + 4)/1. Let t be ((-118)/v)/((-15)/60). Let u = t - -125. What is the units digit of u?
6
Let d be (-16)/40 + (-94)/(-10). Suppose 2*i - d*i = 0. Suppose m + 2*m - 174 = i. What is the tens digit of m?
5
Suppose -733 + 266 = -v. Suppose -5*k + v + 213 = 0. What is the tens digit of k?
3
Let i = -34 + 728. What is the tens digit of i?
9
Suppose 0*g = 3*g - 4*o - 5699, g + 3*o = 1917. What is the hundreds digit of g?
9
Suppose 784 = -2*n - 2*n. Let i = 281 + n. What is the units digit of i?
5
Let f be ((-4)/6)/(10/(-75)). Let m be (-15)/f + 7/1. Suppose -140 = -4*w - 3*y, -m*y + 48 = 3*w - 2*w. What is the tens digit of w?
3
Let w = 132 - 132. Suppose w = 3*g + 133 - 397. What is the tens digit of g?
8
Let w be ((-11)/(-11))/((-2)/12). Let b be 4/w - (-38)/57. Suppose 0*i + 5*i - 101 = -2*s, b = -s + i + 54. What is the units digit of s?
3
Let w(d) be the second derivative of -d**4/12 - 3*d**3/2 - 3*d**2 - d. What is the tens digit of w(-6)?
1
Let w(u) = -u**2 - 4*u - 3. Let r be w(-3). Suppose r*b + 23 = -b + 5*k, 5*k - 14 = -2*b. What is the tens digit of ((-12)/(-8))/(b/(-42))?
2
Let r = 12 + -1